Calculate d(-12).
24
Let s(a) = 28*a + 513. What is s(-18)?
9
Let r(l) = -7*l**3 + 22*l**2 - l - 1. Determine r(3).
5
Let v(s) = 7*s - 148. Determine v(22).
6
Let f(a) = -3*a**2 - 115*a + 81. What is f(-39)?
3
Let s(o) = -o**2 - 30*o - 61. Determine s(-20).
139
Let w(r) = -5*r - 51. Give w(-10).
-1
Let y(b) = -b**2 + 12*b + 16. Give y(14).
-12
Let a(l) = -12*l - 250. Determine a(-20).
-10
Let o(h) = -h**2 + 16. Give o(0).
16
Let h(s) = -15*s + 119. What is h(8)?
-1
Let h(v) = v**2 + 15*v - 16. What is h(-16)?
0
Let c(s) = -s**3 - 25*s**2 - 22*s + 62. Determine c(-24).
14
Let i(q) = q**2 - 8*q + 12. What is i(6)?
0
Let f(x) = -13*x**2 - 14*x + 14. Give f(1).
-13
Let q(z) = -4*z**2 - 34*z - 31. Determine q(-7).
11
Let s(b) = -b**3 + 14*b**2 - 2*b + 52. Determine s(14).
24
Let p(a) = 11*a - 2. What is p(2)?
20
Let o(t) = 2*t**3 + 26*t**2 - t + 4. Give o(-13).
17
Let z(u) = u**3 + 7*u**2 + 12*u + 28. Determine z(-5).
18
Let l(f) = f**3 - 14*f - 14. Determine l(5).
41
Let q(y) = -5*y - 1. Calculate q(7).
-36
Let y(o) = 18*o**3 + 4*o**2 + 10*o + 8. Determine y(-1).
-16
Let o(b) = -b**2 - 26*b + 42. Calculate o(-25).
67
Let i(h) = h**3 + 67*h**2 - 68*h - 6. Give i(-68).
-6
Let f(m) = -m**3 - 7*m**2 + 8*m + 10. What is f(-8)?
10
Let w(f) = f**2 + 14*f - 21. Determine w(0).
-21
Let p(q) = q**3 + 15*q**2 + 13*q + 7. What is p(-14)?
21
Let o(j) = j**3 - 2*j**2 + 2*j. What is o(3)?
15
Let x(y) = -3*y - 30. What is x(-13)?
9
Let k(p) = -2*p**3 - 7*p**2 + 4*p - 3. What is k(-4)?
-3
Let q(p) = -4*p**3 - 55*p**2 + 18*p + 60. What is q(-14)?
4
Let b(q) = -q**3 - 11*q**2 - 11*q - 9. Determine b(-10).
1
Let w(x) = -8*x - 8. Give w(6).
-56
Let a(z) = 2*z + 23. Give a(-6).
11
Let v(y) = y**3 + 3*y**2 - 2*y + 4. Determine v(-5).
-36
Let y(d) = -d + 7. Determine y(15).
-8
Let i(s) = -s**3 - 3*s**2 - 17*s - 48. Determine i(-3).
3
Let k(u) = u**2 - 3*u - 6. Calculate k(7).
22
Let f(u) = -u**3 - u**2 - 2. What is f(0)?
-2
Let z(d) = -d**2 + 12*d + 1. What is z(7)?
36
Let n(b) = -16*b**3 + 35*b**2 + 4*b - 4. Give n(2).
16
Let q(g) = -2*g + 5. Give q(5).
-5
Let w(z) = 17*z - 290. Calculate w(17).
-1
Let t(m) = -40*m**3 - 2*m**2 - 2*m - 1. Give t(-1).
39
Let o(j) = -j**3 - 2*j**2 + 5*j + 6. Determine o(-3).
0
Let x(b) = b**3 - 5*b**2 - 7. Give x(7).
91
Let x(l) = l - 16. Calculate x(25).
9
Let l(h) = -38*h**2 - 3*h. Determine l(-2).
-146
Let t(x) = -x - 1. Calculate t(3).
-4
Let i(y) = 205*y + 817. Determine i(-4).
-3
Let v(q) = -13*q - 66. What is v(-5)?
-1
Let s(l) = -l**3 + 8*l**2 + 24*l - 9. Determine s(10).
31
Let u(z) = -z + 20. Determine u(10).
10
Let c(a) = 2*a**2 + 10*a - 7. What is c(-5)?
-7
Let u(f) = -26*f + 150. Determine u(6).
-6
Let v(m) = m**3 + 17*m**2 - 38*m + 2. Calculate v(-19).
2
Let u(z) = -2*z - 5. What is u(0)?
-5
Let l(f) = 2*f**2 - 21*f - 8. What is l(11)?
3
Let r(t) = 7*t - 1. Determine r(0).
-1
Let t(b) = b**3 + b**2 + 3*b - 1. What is t(0)?
-1
Let i(u) = -11*u**2 + 1. Give i(-1).
-10
Let t(y) = y**2 + 10*y + 18. Give t(-4).
-6
Let t(l) = -l - 4. What is t(-6)?
2
Let g(d) = -d**2 + 5*d - 7. Give g(4).
-3
Let q(h) = h**3 + 5*h**2 + 4*h - 1. Give q(-4).
-1
Let j(a) = -a**3 + 6*a**2 - 2*a - 8. What is j(6)?
-20
Let s(p) = 4*p - 97. Calculate s(22).
-9
Let s(r) = -r**2 - 39*r + 119. Determine s(-42).
-7
Let b(m) = m**2 + 2*m - 4. What is b(-5)?
11
Let a(m) = m**3 - 2*m**2 + 1. Give a(3).
10
Let r(v) = 3*v**2 + 3*v - 4. Determine r(-2).
2
Let n(j) = j**2 + j - 16. Calculate n(-5).
4
Let a(x) = -5*x**2 + 114*x - 94. Calculate a(22).
-6
Let q(a) = a**3 + 4*a**2 - 8*a - 11. Give q(-5).
4
Let g(n) = 2*n - 7. Calculate g(10).
13
Let h(d) = 9*d - 5. Determine h(-2).
-23
Let o(f) = -f**2 + 9*f + 90. Determine o(-6).
0
Let f(n) = -n**3 - 8*n**2 + 13*n + 11. What is f(-9)?
-25
Let o(x) = -x**3 + 10*x**2 - 20*x + 2. Give o(7).
9
Let k(f) = f**3 - 8*f**2 + 18*f - 3. Determine k(5).
12
Let u(w) = -w**3 + w**2 - 2*w + 2. Give u(0).
2
Let y(a) = -a**3 + 2*a**2 + 4*a - 1. Determine y(-4).
79
Let l(o) = -3*o**2 + o + 5. Give l(-4).
-47
Let h(x) = -4*x**2 + 24*x + 55. Determine h(-2).
-9
Let c(q) = 10*q**3 - 2*q**2 - 4*q + 1. Calculate c(-2).
-79
Let i(z) = -z**3 - 8*z**2 - 4*z + 19. Give i(-7).
-2
Let v(s) = -s**3 + 8*s**2 + 14*s - 13. Calculate v(9).
32
Let a(o) = -5*o**2 + 28*o + 12. What is a(6)?
0
Let i(j) = -32*j + 226. Determine i(7).
2
Let n(t) = -t**3 + 3*t**2 - 3*t + 2. Calculate n(2).
0
Let s(d) = -12*d - 101. Give s(-8).
-5
Let f(c) = 3*c**2 + 85*c + 5. What is f(-28)?
-23
Let y(u) = 2*u**2 + 29*u - 139. What is y(-18)?
-13
Let b(o) = -o**2 + 9*o + 93. What is b(0)?
93
Let y(a) = a**2 + a + 23. Give y(0).
23
Let p(v) = -v**3 - 9*v**2 - 24*v + 17. What is p(-5)?
37
Let l(p) = -6*p - 10. Determine l(-15).
80
Let p(u) = -2*u + 16. Give p(12).
-8
Let v(y) = -2*y**2 - 17*y - 15. Calculate v(-10).
-45
Let s(x) = -3*x**3 - 28*x**2 - 6*x + 12. Calculate s(-9).
-15
Let s(w) = -4*w**2 + 2*w + 7. Give s(3).
-23
Let p(z) = -z**3 - 19*z**2 + 45*z + 60. Calculate p(-21).
-3
Let c(o) = -o**2 + 9*o - 10. Give c(6).
8
Let d(j) = -3*j - 25. Determine d(-10).
5
Let b(c) = c**3 - 6*c**2 - 7*c - 3. Calculate b(7).
-3
Let c(t) = t**3 - 16*t**2 - 3*t + 47. Calculate c(16).
-1
Let r(p) = 3*p + 5. Calculate r(-3).
-4
Let z(w) = -12*w**2 - 3*w. What is z(2)?
-54
Let i(p) = -p**2 + 10*p + 51. Determine i(15).
-24
Let o(x) = -12*x**2 + 36*x - 4. Determine o(3).
-4
Let b(i) = -2*i - 23. Determine b(-11).
-1
Let k(v) = -v**3 - 9*v**2 + 8*v + 13. Give k(-9).
-59
Let b(n) = -6*n - 122. Determine b(-13).
-44
Let h(i) = -i**2 + 5*i + 35. Calculate h(7).
21
Let y(s) = 2*s**2 + 4*s + 8. Determine y(-7).
78
Let m(i) = 5*i - 50. Calculate m(7).
-15
Let z(n) = -n**2 + 14*n + 38. What is z(16)?
6
Let f(c) = c**2 + 14*c + 16. Calculate f(-7).
-33
Let f(i) = i**3 + 12*i**2 + 12*i - 1. What is f(-11)?
-12
Let v(h) = h**2 - 19*h - 34. Give v(21).
8
Let i(p) = 2*p**2 + 33*p + 31. Give i(-15).
-14
Let w(a) = -5*a - 12. Calculate w(-9).
33
Let b(d) = -d**3 - 7*d**2 - 13*d - 3. What is b(-5)?
12
Let m(w) = w + 3. Determine m(-6).
-3
Let o(z) = -z**2 - 3*z - 9. What is o(5)?
-49
Let n(s) = 33*s. Give n(-2).
-66
Let z(r) = -r**3 - 6*r**2 - 4*r + 6. What is z(-5)?
1
Let q(c) = c**3 + 3*c**2 - 2*c - 6. Calculate q(-4).
-14
Let u(l) = l**2 + 11*l + 10. Calculate u(-10).
0
Let o(g) = -109*g + 9. Determine o(1).
-100
Let t(s) = -2*s + 6. Give t(5).
-4
Let j(q) = 181*q + 719. What is j(-4)?
-5
Let o(t) = t**3 + 7*t**2 + 14*t + 20. Give o(-5).
0
Let j(p) = 3*p**2 - 16*p + 8. Give j(6).
20
Let o(a) = -3*a**3 - 3*a**2 + 1. Give o(2).
-35
Let l(k) = -5*k - 61. Determine l(-9).
-16
Let r(y) = 12*y**2 + y. Determine r(1).
13
Let p(b) = 64*b**3 + 2*b - 2. Give p(1).
64
Let q(h) = 20*h + 135. What is q(-7)?
-5
Let l(v) = v**3 + 5*v**2 - 29*v - 82. What is l(-7)?
23
Let j(y) = 3*y - 3. Give j(6).
15
Let s(i) = 2*i - 15. Calculate s(11).
7
Let x(k) = -13*k + 22. Determine x(5).
-43
Let h(q) = 18*q - 102. What is h(3)?
-48
Let s(l) = l**2 - 16*l - 83. Calculate s(20).
-3
Let t(j) = 2*j**2 - 3*j + 4. Calculate t(4).
24
Let s(x) = -x**3 + 7*x**2 + x - 52. Determine s(6).
-10
Let x(k) = k**2 + k - 1. What is x(-4)?
11
Let i(l) = -l**2 + 11*l - 15. Determine i(8).
9
Let y(t) = 3*t**2 + 8*t - 3. Calculate y(-3).
0
Let j(y) = -y**2 + 5*y - 8. Determine j(2).
-2
Let h(c) = -12*c + 9. What is h(2)?
-15
Let f(v) = -v**2 + 7*v - 11. Calculate f(10).
-41
Let j(g) = 3*g + 18. What is j(-8)?
-6
Let r(d) = 5*d - 256. Determine r(52).
4
Let v(q) = q - 2. Calculate v(-10).
-12
Let i(r) = 2*r - 9. What is i(9)?
9
Let q(l) = l**3 - 13*l**2 - 35*l - 12. Calculate q(15).
-87
Let v(p) = 185*p - 1859. Calculate v(10).
-9
Let x(d) = d**2 + 36*d - 134. Give x(-39).
-17
Let a(j) = 26*j + 7. Give a(-2).
-45
Let q(w) = -2*w - 40. Calculate q(-3).
-34
Let h(d) = -214*d - 218. What is h(-1)?
-4
Let l(o) = o**3 - 7*o**2 - 7*o - 5. Determine l(8).
3
Let w(m) = -m**2 + 14*m + 5. What is w(14)?
5
Let q(o) = -o**3 + 4*o**2 - 2*o + 10. Determine q(0).
10
Let t(u) = -u**2 + u + 14. Calculate t(-8).
-58
Let l(x) = 2*x**2 + 13*x + 7. Calculate l(-8).
31
Let i(x) = -100*x**3 - 3*x**2 - 4*x - 2. Calculate i(-1).
99
Let x(g) = -g**3 + 3*g**2 - 6*g + 4. What is x(3)?
-14
Let s(c) = -c**2 - 20*c - 15. Determine s(-15).
60
Let l(h) = 4*h - 120. What is l(27)